).
28
Let h(v) = 10*v + 8. Calculate h(-1).
-2
Let r(w) = 6*w - 5. What is r(-11)?
-71
Let v(k) = 5*k**2 + 3*k - 3. Calculate v(-3).
33
Let l(m) = -m**3 - 11*m**2 + 15*m + 28. Give l(-12).
-8
Let d(i) = i + 14. Calculate d(-12).
2
Let h(o) = -2*o**2 + 53*o - 74. What is h(25)?
1
Let g(p) = p**3 - 27*p - 9. Calculate g(-5).
1
Let c(y) = y**3 - 7*y**2 - 3*y + 3. Determine c(8).
43
Let r(u) = u + 64. Give r(-37).
27
Let d(n) = 2*n**3 - 48*n**2 - n + 23. What is d(24)?
-1
Let a(t) = 2*t**2 + 28*t + 17. Calculate a(-13).
-9
Let j(n) = -n**3 + 8*n**2 + 15*n - 25. Give j(9).
29
Let g(a) = 4*a - 32. Calculate g(4).
-16
Let r(d) = 2*d**2 + 19*d + 7. What is r(-9)?
-2
Let y(d) = -d**3 + d**2 - 85. Calculate y(0).
-85
Let f(x) = 2*x**3 + 12*x**2 - 2. Give f(-6).
-2
Let k(v) = v**3 - 8*v**2 - 12*v + 10. Give k(9).
-17
Let b(d) = 3*d**2 + 93*d - 74. Give b(-32).
22
Let k(a) = 2*a**3 - 7*a**2 + 2*a - 6. What is k(5)?
79
Let g(l) = l**3 - 4*l**2 + 4*l - 5. Give g(3).
-2
Let y(s) = -8*s - 4. Calculate y(-4).
28
Let b(y) = y + 8. What is b(8)?
16
Let k(m) = 31*m - 501. Calculate k(16).
-5
Let j(s) = -2*s**3 - 63*s**2 - 32*s - 17. Give j(-31).
14
Let g(f) = 89*f**3 + f**2 - 1. Calculate g(1).
89
Let q(k) = -15*k + 42. Determine q(2).
12
Let x(n) = -10*n + 107. Determine x(15).
-43
Let l(v) = -2*v**2 - v. What is l(2)?
-10
Let a(c) = -c**2 + 5*c + 5. What is a(5)?
5
Let w(v) = v**2 + 3*v - 16. Determine w(-6).
2
Let r(g) = -g**2 + 21*g - 10. Give r(18).
44
Let t(y) = y**3 + 10*y**2 + 17*y + 6. Calculate t(-8).
-2
Let h(n) = 12*n**2 - 144*n - 16. What is h(12)?
-16
Let w(l) = 2*l**2 + 7*l + 4. Give w(-3).
1
Let c(p) = p - 7. Give c(13).
6
Let j(f) = -5*f**2 - 9*f - 1. Determine j(3).
-73
Let u(c) = -18*c - 1. What is u(-3)?
53
Let g(i) = -i**3 + 11*i**2 - 10*i - 1. Determine g(10).
-1
Let m(l) = -4*l + 77. Calculate m(16).
13
Let r(z) = z**2 - 14*z + 38. What is r(10)?
-2
Let j(l) = -l**2 + 2*l + 51. Determine j(-10).
-69
Let x(i) = -i**2 + 7*i - 3. Calculate x(5).
7
Let h(a) = a**2 + 12*a - 29. Give h(-14).
-1
Let h(y) = -y - 2. What is h(-8)?
6
Let a(h) = -h**2 - 1. Determine a(-5).
-26
Let a(q) = -q**3 - 3*q**2 + 4*q + 8. What is a(-3)?
-4
Let o(t) = -t**2 + 8*t - 14. Determine o(10).
-34
Let i(h) = -h**3 + 2*h**2 + 4*h + 2. Determine i(3).
5
Let z(g) = g**2 - 3*g - 2. What is z(5)?
8
Let u(l) = -l**2 + 2*l + 26. What is u(0)?
26
Let j(v) = -16*v**2 + v + 2. Calculate j(-1).
-15
Let y(c) = -3*c**3 - 4*c + 3. Give y(2).
-29
Let w(z) = -z - 3. Determine w(-8).
5
Let j(h) = h**2 - 17*h - 39. What is j(18)?
-21
Let t(k) = 10*k + 35. Give t(-17).
-135
Let o(s) = s**3 - 7*s**2 - 7*s - 9. Determine o(8).
-1
Let k(c) = 3*c**2 + 5*c - 6. Calculate k(1).
2
Let b(y) = -y**3 + 15*y**2 - 5. What is b(15)?
-5
Let s(a) = 60*a - 119. Determine s(2).
1
Let p(i) = -46*i**2. Give p(1).
-46
Let h(o) = -o**2 + 10*o - 3. Determine h(10).
-3
Let x(o) = -5*o - 11. Determine x(8).
-51
Let o(s) = -s + 20. Determine o(-13).
33
Let u(n) = 5*n**2 - 19*n - 2. What is u(6)?
64
Let t(r) = r**2 - 5*r + 11. Determine t(5).
11
Let h(j) = -j**2 - 7*j - 4. Give h(-3).
8
Let b(i) = -i**3 - 9*i**2 - 6*i + 6. Calculate b(-7).
-50
Let z(o) = 2*o + 5. Give z(3).
11
Let z(i) = i**2 + 30*i + 82. What is z(-3)?
1
Let v(g) = -g - 8. Determine v(-11).
3
Let l(x) = x**3 + 5*x**2. Determine l(-5).
0
Let r(t) = 2*t**2 - 11*t - 47. Determine r(12).
109
Let a(n) = -n**2 - 11*n + 21. Calculate a(-13).
-5
Let p(r) = 9*r - 65. Calculate p(9).
16
Let k(t) = 10*t - 33. What is k(10)?
67
Let r(s) = -5*s + 37. What is r(5)?
12
Let r(z) = 20*z - 2. Determine r(-1).
-22
Let m(v) = v**3 + 5*v**2 - 4*v - 2. Determine m(-5).
18
Let n(b) = -b + 31. What is n(16)?
15
Let j(f) = -f**3 - 8*f**2 + 15*f + 119. Calculate j(-8).
-1
Let d(t) = -t**3 - 9*t**2 + 25*t + 27. Determine d(-11).
-6
Let n(t) = 7*t + 68. Determine n(-9).
5
Let x(o) = -o**3 + 46*o**2 + 144*o + 163. Calculate x(49).
16
Let l(p) = p**3 + 6*p**2 + 8*p + 7. Determine l(-4).
7
Let b(j) = -5*j**2 + 7*j + 1. Give b(-3).
-65
Let p(n) = -n**2 + 10*n + 5. What is p(9)?
14
Let w(q) = -2*q**3 - 23*q**2 - 24*q - 2. Give w(-10).
-62
Let a(m) = 2*m**2 + 47*m - 183. What is a(-27)?
6
Let s(k) = -k - 1. Calculate s(-5).
4
Let x(q) = -2*q - 68. Determine x(-20).
-28
Let r(s) = -2*s**3 - 54*s**2 - 3*s - 69. What is r(-27)?
12
Let p(v) = -8*v - 242. What is p(-30)?
-2
Let c(x) = -3*x - 2. Give c(0).
-2
Let s(r) = -2*r**3 - r**2 + 10*r - 4. Give s(-4).
68
Let s(y) = -y**2 - 2*y + 4. Calculate s(-3).
1
Let f(c) = -2*c**2 + c + 11. Give f(-3).
-10
Let o(i) = -6*i - 8. Calculate o(-6).
28
Let i(y) = -3*y**3 + 6*y**2 - 9*y - 1. Calculate i(3).
-55
Let h(f) = 30*f + 87. Determine h(-3).
-3
Let w(c) = -20*c**3 + c**2 - c - 1. Calculate w(-1).
21
Let z(n) = n**3 - 18*n**2 + 16*n + 1. What is z(17)?
-16
Let h(n) = 7*n**2 + 4*n + 2. What is h(-2)?
22
Let j(g) = g**3 + 5*g**2 + 5*g + 4. Determine j(-3).
7
Let g(h) = -h**3 + 4*h**2 + 3*h - 3. Determine g(2).
11
Let m(v) = v**3 + 6*v**2 + 4*v + 5. Calculate m(-5).
10
Let y(w) = -w**2 - 17*w - 3. Calculate y(-17).
-3
Let h(a) = -a**2 + 7*a - 1. Determine h(5).
9
Let o(z) = z**2 + 11*z - 5. What is o(-11)?
-5
Let g(h) = h**3 - 9*h**2 + 2*h - 12. Calculate g(9).
6
Let n(i) = 2*i + 17. What is n(-12)?
-7
Let k(n) = n**3 + 8*n**2 + 4*n - 10. What is k(-7)?
11
Let p(s) = -5*s - 121. Calculate p(-29).
24
Let n(i) = 15*i + 6. Calculate n(-3).
-39
Let m(i) = -2*i**2 - 20*i + 11. Determine m(-9).
29
Let s(n) = 37*n - 75. Determine s(4).
73
Let n(w) = -w**3 - 13*w**2 + 17*w + 7. What is n(-14)?
-35
Let s(u) = u**2 + 8*u + 4. What is s(-6)?
-8
Let g(h) = -9*h - 112. Determine g(-12).
-4
Let j(b) = b**2 + 9*b + 12. What is j(-7)?
-2
Let h(j) = -j**2 - 2*j - 8. Determine h(0).
-8
Let v(d) = 4*d**3 - 2*d + 1. What is v(1)?
3
Let x(u) = u - 32. Determine x(22).
-10
Let n(q) = -q**2 - 12*q + 6. Give n(-12).
6
Let c(p) = p**3 + 8*p**2 + 4*p + 9. Calculate c(-8).
-23
Let y(o) = -o**3 - 8*o**2 + 9*o + 9. Calculate y(-9).
9
Let m(s) = -21*s + 66. Determine m(6).
-60
Let u(k) = -k + 14. Determine u(7).
7
Let b(t) = t**3 + 11*t**2 - 29*t - 35. Determine b(-13).
4
Let i(c) = 2*c - 15. What is i(12)?
9
Let o(c) = -c**3 - 16*c**2 - 5*c - 46. Give o(-16).
34
Let y(o) = -10*o. Calculate y(-2).
20
Let s(l) = 3*l - 17. Calculate s(5).
-2
Let t(f) = -f**2 + 3*f - 6. Calculate t(5).
-16
Let q(f) = -42*f - 121. Determine q(-3).
5
Let u(l) = 7*l - 8. Determine u(3).
13
Let b(p) = p**3 - 5*p**2 + 9*p - 2. Determine b(3).
7
Let m(b) = 2*b - 42. Calculate m(3).
-36
Let u(t) = t**2 - 25*t - 60. Determine u(26).
-34
Let k(j) = 68*j + 3. What is k(2)?
139
Let i(q) = 14*q + 16. What is i(5)?
86
Let d(c) = -6*c - 9. What is d(-4)?
15
Let d(f) = -3*f**2 + 18*f + 23. Determine d(7).
2
Let i(o) = o - 20. What is i(13)?
-7
Let z(x) = x**3 - 4*x - 3. Give z(3).
12
Let u(n) = -23*n + 96. Give u(8).
-88
Let m(v) = 13*v - 111. What is m(8)?
-7
Let p(f) = -2*f**2 - 7*f + 21. What is p(-5)?
6
Let i(p) = -5*p**2 + 12. Determine i(-3).
-33
Let p(g) = -8*g - 48. Determine p(-7).
8
Let b(m) = -m**2 + 3*m. What is b(7)?
-28
Let x(i) = i**3 - 6*i**2 + 10*i. Determine x(4).
8
Let i(s) = 3*s - 24. What is i(11)?
9
Let s(a) = 31*a - 504. Give s(16).
-8
Let a(w) = w**3 - 9*w**2. What is a(9)?
0
Let a(r) = -4*r**3 - 5*r**2 - 4*r + 1. Determine a(-2).
21
Let o(d) = -d**3 - 6*d**2 - 6*d + 3. Calculate o(-4).
-5
Let u(j) = j**3 - 9*j**2 + 8*j + 11. Determine u(8).
11
Let t(o) = o**3 - 10*o**2 - 12*o + 8. Determine t(11).
-3
Let h(z) = z**2 - 5*z - 14. Give h(7).
0
Let u(j) = -j**2 - 6*j - 8. What is u(-7)?
-15
Let t(i) = i**3 - 9*i**2 - 5*i + 44. Give t(9).
-1
Let w(c) = c**3 - 6*c**2 - 29*c + 98. Calculate w(8).
-6
Let p(t) = -2*t**2 + 27*t + 12. Determine p(14).
-2
Let r(o) = -27*o**3 - o**2 - 3*o - 2. Give r(-1).
27
Let l(v) = v**3 + 21*v**2 - v - 13. Calculate l(-21).
8
Let a(x) = -x**3 - 11*x**2 - 8. Determine a(-11).
-8
Let t(b) = 2*b**2 - 17*b + 53. Give t(3).
20
Let x(i) = 2*i**2 + 2*i + 5. Determine x(-3).
17
Let y(u) = -3*u**2 - 1. What is y(1)?
-4
Let f(t) = -t**2 - 10*t + 3. Calculate f(-10).
3
Let y(o) = -127*o + 375. Determine y(3).
-6
Let h(r) = 5*r**2 - 3. Determine h(-3).
42
Let s(b) = b**2 - 4*b. Give s(2).
-4
Let z(x) = x**2 - 8*x + 17. Determine z(5).
2
Let o(p) = p**3 - 26*p**2 -